nvert 1 (base 13) to base 10.
1
What is -6 (base 15) in base 9?
-6
Convert -5 (base 6) to base 14.
-5
-9c (base 15) to base 10
-147
3 (base 8) to base 14
3
Convert 0 (base 10) to base 11.
0
Convert 0 (base 8) to base 15.
0
3 (base 13) to base 14
3
What is -2 (base 10) in base 11?
-2
Convert 1122 (base 3) to base 12.
38
Convert -112 (base 5) to base 15.
-22
-13e (base 15) to base 9
-345
What is 3 (base 4) in base 5?
3
-122 (base 5) to base 6
-101
-11111 (base 2) to base 10
-31
59 (base 10) to base 5
214
-2 (base 12) to base 14
-2
What is -3 (base 12) in base 15?
-3
What is 0 (base 16) in base 3?
0
-9 (base 15) to base 13
-9
What is 4 (base 16) in base 7?
4
-3 (base 13) to base 15
-3
What is 111 (base 3) in base 13?
10
What is d (base 16) in base 4?
31
Convert 3 (base 9) to base 12.
3
What is -20 (base 14) in base 5?
-103
-3 (base 10) to base 9
-3
What is -3 (base 15) in base 3?
-10
101 (base 4) to base 2
10001
Convert -4 (base 14) to base 7.
-4
-3 (base 12) to base 10
-3
3 (base 10) to base 6
3
-14 (base 5) to base 9
-10
What is -61 (base 7) in base 11?
-3a
What is -9e (base 15) in base 16?
-95
What is -19 (base 14) in base 8?
-27
What is -3 (base 16) in base 15?
-3
2 (base 8) to base 15
2
What is 11 (base 3) in base 12?
4
What is -9 (base 10) in base 4?
-21
Convert -23 (base 12) to base 3.
-1000
Convert 1 (base 5) to base 6.
1
What is -11 (base 2) in base 3?
-10
Convert 65 (base 14) to base 2.
1011001
-1 (base 11) to base 3
-1
Convert 435 (base 6) to base 12.
11b
What is -76 (base 8) in base 4?
-332
Convert 1110 (base 2) to base 4.
32
Convert -e (base 16) to base 4.
-32
What is d (base 15) in base 13?
10
What is -2 (base 13) in base 2?
-10
-15 (base 6) to base 7
-14
Convert -1 (base 2) to base 11.
-1
-11011111 (base 2) to base 9
-267
1f (base 16) to base 14
23
-100 (base 6) to base 3
-1100
-3 (base 9) to base 2
-11
-101 (base 3) to base 10
-10
-30 (base 6) to base 4
-102
What is -111 (base 11) in base 13?
-a3
Convert -3 (base 8) to base 12.
-3
Convert -36 (base 13) to base 12.
-39
Convert 1 (base 2) to base 10.
1
Convert 10211 (base 3) to base 14.
75
Convert 186 (base 9) to base 16.
9f
-11a (base 11) to base 13
-ac
What is 1 (base 13) in base 3?
1
What is 2 (base 12) in base 2?
10
-3 (base 16) to base 14
-3
What is 460 (base 7) in base 16?
ee
What is -1220 (base 3) in base 7?
-102
-110 (base 2) to base 14
-6
11 (base 6) to base 12
7
2 (base 3) to base 2
10
Convert -3 (base 13) to base 4.
-3
Convert 118 (base 9) to base 6.
242
-4 (base 9) to base 10
-4
Convert 5 (base 15) to base 2.
101
24 (base 7) to base 6
30
What is 1a (base 13) in base 14?
19
What is 14 (base 5) in base 15?
9
Convert -11 (base 11) to base 3.
-110
What is -3 (base 10) in base 9?
-3
Convert -1 (base 9) to base 2.
-1
Convert -2 (base 4) to base 5.
-2
What is -161 (base 8) in base 3?
-11012
Convert 0 (base 6) to base 14.
0
What is -1 (base 2) in base 3?
-1
What is -1b (base 15) in base 7?
-35
What is -1 (base 12) in base 8?
-1
What is -3 (base 9) in base 14?
-3
-8 (base 14) to base 12
-8
-1110 (base 4) to base 14
-60
Convert 5 (base 11) to base 13.
5
240 (base 9) to base 14
102
Convert -3 (base 12) to base 7.
-3
-71 (base 8) to base 14
-41
22 (base 12) to base 14
1c
Convert -102 (base 7) to base 10.
-51
Convert 28 (base 12) to base 8.
40
-1 (base 4) to base 10
-1
What is 12 (base 15) in base 8?
21
What is 4 (base 9) in base 8?
4
Convert -37 (base 8) to base 11.
-29
-2212 (base 3) to base 7
-140
-b (base 13) to base 16
-b
What is -23 (base 9) in base 5?
-41
Convert 2c (base 13) to base 7.
53
What is 5 (base 15) in base 12?
5
What is 31 (base 8) in base 16?
19
What is -361 (base 7) in base 2?
-10111110
110 (base 4) to base 6
32
Convert 14 (base 13) to base 11.
16
What is -20 (base 5) in base 10?
-10
Convert 124 (base 5) to base 6.
103
Convert 2 (base 16) to base 13.
2
Convert -5 (base 6) to base 2.
-101
What is -540 (base 7) in base 3?
-101010
3 (base 7) to base 3
10
Convert 2 (base 12) to base 4.
2
What is -14a (base 13) in base 5?
-1411
What is -10 (base 5) in base 4?
-11
4 (base 8) to base 15
4
Convert 162 (base 10) to base 16.
a2
Convert -2211 (base 5) to base 15.
-156
Convert -2102 (base 3) to base 7.
-122
Convert -31 (base 9) to base 11.
-26
Convert -37 (base 16) to base 9.
-61
What is -3 (base 5) in base 12?
-3
Convert 19 (base 16) to base 8.
31
-2 (base 15) to base 2
-10
What is 1a (base 11) in base 15?
16
What is 0 (base 9) in base 10?
0
1 (base 11) to base 16
1
Convert 36 (base 11) to base 8.
47
What is 4 (base 16) in base 6?
4
12013 (base 4) to base 11
326
22002 (base 3) to base 14
118
What is -26 (base 7) in base 3?
-202
11100110 (base 2) to base 10
230
Convert 0 (base 5) to base 10.
0
Convert 2 (base 9) to base 8.
2
7 (base 11) to base 6
11
Convert 2 (base 4) to base 5.
2
92 (base 14) to base 16
80
What is 0 (base 12) in base 7?
0
Convert 2 (base 11) to base 4.
2
Convert -4 (base 10) to base 16.
-4
29 (base 12) to base 4
201
-2 (base 6) to base 14
-2
Convert -21212 (base 3) to base 10.
-212
Convert -27 (base 9) to base 14.
-1b
65 (base 13) to base 6
215
-144 (base 6) to base 2
-1000000
2 (base 4) to base 8
2
What is bb (base 13) in base 3?
12201
Convert 14 (base 7) to base 3.
102
Convert 6 (base 11) to base 4.
12
What is 3 (base 14) in base 2?
11
What is -33 (base 8) in base 5?
-102
Convert -2 (base 11) to base 12.
-2
Convert 33 (base 11) to base 7.
51
What is 0 (base 13) in base 10?
0
What is -5 (base 10) in base 11?
-5
Convert -110 (base 5) to base 16.
-1e
What is -3 (base 13) in base 5?
-3
Convert -a (base 13) to base 11.
-a
Convert -2 (base 5) to base 10.
-2
Convert -5 (base 16) to base 11.
-5
-17 (base 16) to base 4
-113
a (base 14) to base 16
a
14 (base 7) to base 6
15
3 (base 5) to base 6
3
Convert 2 (base 12) to base 4.
2
What is 1 (base 15) in base 13?
1
What is 446 (base 8) in base 10?
294
What is 1 (base 4) in base 10?
1
102 (base 5) to base 6
43
Convert 3 (base 15) to base 4.
3
-3 (base 15) to base 2
-11
-23 (base 7) to base 11
-16
-2 (base 4) to base 6
-2
6d (base 16) to base 6
301
Convert -d (base 15) to base 12.
-11
-1 (base 7) to base 8
-1
3 (base 14) to base 3
10
What is -3 (base 12) in base 2?
-11
-28 (base 14) to base 4
-210
-a (base 13) to base 2
-1010
What is -99 (base 10) in base 8?
-143
-4 (base 14) to base 10
-4
Convert -e8 (base 15) to base 5.
-1333
What is 5 (base 9) in base 12?
5
What is -10 (base 4) in base 14?
-4
-10 (base 7) to base 9
-7
-12 (base 3) to base 16
-5
Convert -34 (base 16) to base 6.
-124
What is a (base 16) in base 7?
13
28 (base 11) to base 7
42
-19 (base 10) to base 2
-10011
Convert -241 (base 7) to base 15.
-87
What is -4 (base 15) in base 9?
-4
0 (base 12) to base 8
0
1 (base 12) to base 9
1
Convert 445 (base 6) to base 8.
255
What is -1214 (base 5) in base 14?
-d2
-15 (base 12) to base 4
-101
What is -2 (base 15) in base 8?
-2
14 (base 12) to base 7
22
1 (base 9) to base 10
1
What is -a (base 15) in base 5?
-20
What is -2b (base 14) in base 5?
-124
Convert 2 (base 8) to base 16.
2
Convert -3 (base 16) to base 13.
-3
What is -e (base 16) in base 14?
-10
Convert -8 (base 13) to base 11.
-8
Convert 364 (base 9) to base 5.
2201
What is 334 (base 9) in base 7?
541
Convert 201 (base 3) to base 11.
18
Convert -3 (base 10) to base 8.
-3
-4 (base 11) to base 5
-4
What is -1 (base 7) in base 3?
-1
-24 (base 8) to base 4
-110
-67 (base 15) to base 16
-61
-24 (base 7) to base 11
-17
Convert 100000111 (base 2) to base 4.
10013
What is 3 (base 9) in base 8?
3
-1200 (base 3) to base 7
-63
Convert 0 (base 8) to base 16.
0
-2 (base 11) to base 9
-2
Convert 4 (base 13) to base 9.
4
-16 (base 16) to base 14
-18
Convert -1 (base 9) to base 6.
-1
Convert 1 (base 2) to base 13.
1
Convert -2 (base 14) to base 6.
-2
What is -1 (base 14) in base 5?
-1
What is -b (base 15) in base 13?
-b
69 (base 16) to base 6
253
What is -4 (base 16) in base 5?
-4
Convert -110 (base 3) to base 15.
-c
What is -1 (base 8) in base 5?
-1
Convert -10 (base 5) to base 16.
-5
What is 1122 (base 3) in base 14?
32
-13 (base 4) to base 7
-10
Convert -23 (base 4) to base 15.
-b
What is -1 (base 3) in base 16?
-1
-77 (base 8) to base 2
-111111
-1001 (base 2) to base 8
-11
5a (base 12) to base 4
1012
-7 (base 10) to base 12
-7
-1 (base 14) to base 3
-1
What is -a (bas